25.
3, 5, 19
What are the prime factors of 150830?
2, 5, 15083
What are the prime factors of 99971?
99971
List the prime factors of 21869.
19, 1151
List the prime factors of 11448.
2, 3, 53
What are the prime factors of 4360?
2, 5, 109
What are the prime factors of 166918?
2, 83459
List the prime factors of 6961.
6961
List the prime factors of 162625.
5, 1301
List the prime factors of 31393.
31393
What are the prime factors of 520?
2, 5, 13
What are the prime factors of 302?
2, 151
What are the prime factors of 36842?
2, 13, 109
List the prime factors of 5145.
3, 5, 7
List the prime factors of 6218.
2, 3109
What are the prime factors of 2048?
2
What are the prime factors of 57143?
57143
What are the prime factors of 76303?
76303
List the prime factors of 9911.
11, 17, 53
List the prime factors of 38304.
2, 3, 7, 19
What are the prime factors of 123571?
7, 127, 139
List the prime factors of 17809.
11, 1619
List the prime factors of 1511.
1511
List the prime factors of 555.
3, 5, 37
List the prime factors of 1073.
29, 37
What are the prime factors of 202?
2, 101
List the prime factors of 2437.
2437
What are the prime factors of 36496?
2, 2281
What are the prime factors of 117699?
3, 39233
What are the prime factors of 3853?
3853
List the prime factors of 1191.
3, 397
What are the prime factors of 44809?
44809
List the prime factors of 119348.
2, 29837
List the prime factors of 779.
19, 41
What are the prime factors of 4335?
3, 5, 17
List the prime factors of 94509.
3, 10501
What are the prime factors of 1010?
2, 5, 101
List the prime factors of 652.
2, 163
What are the prime factors of 6521?
6521
List the prime factors of 1191.
3, 397
List the prime factors of 4518.
2, 3, 251
List the prime factors of 1077.
3, 359
What are the prime factors of 39976?
2, 19, 263
List the prime factors of 61773.
3, 59, 349
What are the prime factors of 440?
2, 5, 11
List the prime factors of 123160.
2, 5, 3079
List the prime factors of 931.
7, 19
What are the prime factors of 29293?
11, 2663
List the prime factors of 108273.
3, 11, 17, 193
List the prime factors of 1348.
2, 337
List the prime factors of 6221.
6221
List the prime factors of 950.
2, 5, 19
List the prime factors of 11818.
2, 19, 311
What are the prime factors of 1902?
2, 3, 317
List the prime factors of 930.
2, 3, 5, 31
What are the prime factors of 7648?
2, 239
List the prime factors of 3484.
2, 13, 67
List the prime factors of 1568.
2, 7
What are the prime factors of 1624?
2, 7, 29
List the prime factors of 77970.
2, 3, 5, 23, 113
List the prime factors of 1391.
13, 107
List the prime factors of 2298.
2, 3, 383
List the prime factors of 2932.
2, 733
What are the prime factors of 2004?
2, 3, 167
List the prime factors of 6054.
2, 3, 1009
What are the prime factors of 7094?
2, 3547
List the prime factors of 20621.
17, 1213
List the prime factors of 37079.
7, 5297
List the prime factors of 2826.
2, 3, 157
What are the prime factors of 397?
397
List the prime factors of 2363.
17, 139
What are the prime factors of 5630?
2, 5, 563
What are the prime factors of 1441?
11, 131
List the prime factors of 15986.
2, 7993
List the prime factors of 73371.
3, 37, 661
What are the prime factors of 4823?
7, 13, 53
List the prime factors of 6781.
6781
What are the prime factors of 9873?
3, 1097
What are the prime factors of 264?
2, 3, 11
What are the prime factors of 72784?
2, 4549
What are the prime factors of 1207?
17, 71
List the prime factors of 36797.
31, 1187
What are the prime factors of 2025?
3, 5
List the prime factors of 885.
3, 5, 59
What are the prime factors of 7517?
7517
List the prime factors of 22895.
5, 19, 241
List the prime factors of 8588.
2, 19, 113
List the prime factors of 8496.
2, 3, 59
List the prime factors of 166895.
5, 29, 1151
What are the prime factors of 1830?
2, 3, 5, 61
What are the prime factors of 17696?
2, 7, 79
What are the prime factors of 239?
239
What are the prime factors of 48317?
19, 2543
What are the prime factors of 18316?
2, 19, 241
List the prime factors of 71974.
2, 7, 53, 97
List the prime factors of 4876.
2, 23, 53
List the prime factors of 17153.
17, 1009
List the prime factors of 2776.
2, 347
List the prime factors of 457.
457
What are the prime factors of 104696?
2, 23, 569
What are the prime factors of 44428?
2, 29, 383
List the prime factors of 108020.
2, 5, 11, 491
What are the prime factors of 998?
2, 499
List the prime factors of 2046.
2, 3, 11, 31
What are the prime factors of 15235?
5, 11, 277
What are the prime factors of 901?
17, 53
List the prime factors of 2310.
2, 3, 5, 7, 11
What are the prime factors of 6307?
7, 17, 53
List the prime factors of 33865.
5, 13, 521
What are the prime factors of 3762?
2, 3, 11, 19
What are the prime factors of 489?
3, 163
List the prime factors of 7345.
5, 13, 113
What are the prime factors of 105648?
2, 3, 31, 71
What are the prime factors of 270?
2, 3, 5
What are the prime factors of 6378?
2, 3, 1063
What are the prime factors of 1122?
2, 3, 11, 17
What are the prime factors of 35611?
149, 239
What are the prime factors of 2553?
3, 23, 37
List the prime factors of 6468.
2, 3, 7, 11
What are the prime factors of 66238?
2, 33119
List the prime factors of 187.
11, 17
List the prime factors of 2151.
3, 239
List the prime factors of 1382.
2, 691
List the prime factors of 99731.
19, 29, 181
What are the prime factors of 15260?
2, 5, 7, 109
List the prime factors of 7368.
2, 3, 307
List the prime factors of 27716.
2, 13, 41
What are the prime factors of 1716?
2, 3, 11, 13
List the prime factors of 4585.
5, 7, 131
List the prime factors of 5333.
5333
What are the prime factors of 86174?
2, 11, 3917
List the prime factors of 6812.
2, 13, 131
List the prime factors of 23823.
3, 2647
What are the prime factors of 768?
2, 3
List the prime factors of 2687.
2687
What are the prime factors of 1518?
2, 3, 11, 23
List the prime factors of 7598.
2, 29, 131
List the prime factors of 2562.
2, 3, 7, 61
What are the prime factors of 109?
109
What are the prime factors of 1353?
3, 11, 41
What are the prime factors of 16217?
16217
List the prime factors of 382.
2, 191
List the prime factors of 39436.
2, 9859
What are the prime factors of 533?
13, 41
What are the prime factors of 1533?
3, 7, 73
List the prime factors of 6744.
2, 3, 281
What are the prime factors of 2305?
5, 461
List the prime factors of 81216.
2, 3, 47
What are the prime factors of 976?
2, 61
What are the prime factors of 1845?
3, 5, 41
What are the prime factors of 34198?
2, 17099
What are the prime factors of 959?
7, 137
List the prime factors of 7132.
2, 1783
What are the prime factors of 16731?
3, 11, 13
List the prime factors of 32946.
2, 3, 17, 19
What are the prime factors of 1422?
2, 3, 79
List the prime factors of 24851.
24851
What are the prime factors of 947?
947
List the prime factors of 4261.
4261
What are the prime factors of 2513?
7, 359
List the prime factors of 1585.
5, 317
List the prime factors of 15216.
2, 3, 317
What are the prime factors of 2199?
3, 733
What are the prime factors of 1091?
1091
What are the prime factors of 1225?
5, 7
What are the prime factors of 1015?
5, 7, 29
What are the prime factors of 675?
3, 5
What are the prime factors of 960?
2, 3, 5
List the prime factors of 4499.
11, 409
What are the prime factors of 13554?
2, 3, 251
List the prime factors of 119184.
2, 3, 13, 191
What are the prime factors of 10673?
13, 821
List the prime factors of 80648.
2, 17, 593
List the prime factors of 66.
2, 3, 11
What are the prime factors of 14280?
2, 3, 5, 7, 17
List the prime factors of 7714.
2, 7, 19, 29
List the prime factors of 9554.
2, 17, 281
List the prime factors of 2448.
2, 3, 17
What are the prime factors of 867?
3, 17
What are the prime factors of 320?
2, 5
What are the prime factors of 23751?
3, 7, 13, 29
List the prime factors of 1792.
2, 7
List the prime factors of 57571.
57571
What are the prime factors of 17968?
2, 1123
List the prime factors of 1523.
1523
What are the prime factors of 11618?
2, 37, 157
List the prime factors of 132.
2, 3, 11
List the prime factors of 11960.
2, 5, 13, 23
What are the prime factors of 1271?
31, 41
List the prime factors of 12895.
5, 2579
List the prime factors of 304.
2, 19
What are the prime fact